{"id":3836,"date":"2025-10-28T12:16:43","date_gmt":"2025-10-28T11:16:43","guid":{"rendered":"https:\/\/pritjvalita.dk\/event\/clase-abierta-tema-del-dia-5\/"},"modified":"2025-12-16T15:16:22","modified_gmt":"2025-12-16T14:16:22","slug":"clase-abierta-tema-del-dia-5","status":"publish","type":"tribe_events","link":"https:\/\/pritjvalita.dk\/es\/event\/clase-abierta-tema-del-dia-5\/","title":{"rendered":"Clase abierta: meditaci\u00f3n Maha Karuna"},"content":{"rendered":"<div  class=\"tribe-events-schedule tribe-clearfix\" >\n\t<p class=\"tribe-events-schedule__datetime\">\n\t\t<span class=\"tribe-events-schedule__date tribe-events-schedule__date--start\">\n\t\t\t16. diciembre 2025\t\t<\/span>\n\n\t\t\t\t\t<span class=\"tribe-events-schedule__separator tribe-events-schedule__separator--date\">\n\t\t\t\t @ \t\t\t<\/span>\n\t\t\t<span class=\"tribe-events-schedule__time tribe-events-schedule__time--start\">\n\t\t\t\t19:00\t\t\t<\/span>\n\t\t\n\t\t\t\t\t\t\t\t\t<span class=\"tribe-events-schedule__separator tribe-events-schedule__separator--time\">\n\t\t\t\t\t &#8211; \t\t\t\t<\/span>\n\t\t\t\n\t\t\t\t\t\t\t<span class=\"tribe-events-schedule__time tribe-events-schedule__time--end\">\n\t\t\t\t\t20:30\t\t\t\t<\/span>\n\t\t\t\n\t\t\t\t\t\t\t<span class=\"tribe-events-schedule__timezone\">CET<\/span>\n\t\t\t\t\t\t<\/p>\n<\/div>\n\n<p>El tema del d\u00eda es Maha Karuna: haremos una meditaci\u00f3n m\u00e1s larga juntos basada en este dharani. El martes pasado se realiz\u00f3 una breve iniciaci\u00f3n; consulte <a href=\"https:\/\/pritjvalita.dk\/es\/lesson\/maha-karuna-dharani\/\" data-type=\"pmpro_lesson\" data-id=\"4719\">aqu\u00ed<\/a> (se necesita membres\u00eda gratuita). <\/p>\n\n<p>Est\u00e1 invitado a unirse a esta clase abierta. Comenzamos compartiendo y recibiendo orientaci\u00f3n.<\/p>\n\n<p>Traiga sus preguntas sobre la vida y su pr\u00e1ctica.<\/p>\n\n<div class=\"wp-block-group\"><div class=\"wp-block-group__inner-container is-layout-constrained wp-block-group-is-layout-constrained\">\n<div class=\"wp-block-group pj-cta has-border-color has-black-border-color has-theme-palette-8-background-color has-background\" style=\"border-width:1px;border-radius:12px;margin-top:10px;margin-bottom:10px;padding-top:18px;padding-right:18px;padding-bottom:18px;padding-left:18px\"><div class=\"wp-block-group__inner-container is-layout-flow wp-block-group-is-layout-flow\">\n<h4 class=\"wp-block-heading\">Unirse en directo<\/h4>\n\n\n<div  class=\"tribe-events-schedule tribe-clearfix\" >\n\t<p class=\"tribe-events-schedule__datetime\">\n\t\t<span class=\"tribe-events-schedule__date tribe-events-schedule__date--start\">\n\t\t\t16. diciembre 2025\t\t<\/span>\n\n\t\t\t\t\t<span class=\"tribe-events-schedule__separator tribe-events-schedule__separator--date\">\n\t\t\t\t @ \t\t\t<\/span>\n\t\t\t<span class=\"tribe-events-schedule__time tribe-events-schedule__time--start\">\n\t\t\t\t19:00\t\t\t<\/span>\n\t\t\n\t\t\t\t\t\t\t\t\t<span class=\"tribe-events-schedule__separator tribe-events-schedule__separator--time\">\n\t\t\t\t\t &#8211; \t\t\t\t<\/span>\n\t\t\t\n\t\t\t\t\t\t\t<span class=\"tribe-events-schedule__time tribe-events-schedule__time--end\">\n\t\t\t\t\t20:30\t\t\t\t<\/span>\n\t\t\t\n\t\t\t\t\t\t\t<span class=\"tribe-events-schedule__timezone\">CET<\/span>\n\t\t\t\t\t\t<\/p>\n<\/div>\n\n\n\n<p>Todo el mundo es bienvenido. Estas clases forman parte de la secci\u00f3n de mi ense\u00f1anza basada en donaciones.<\/p>\n\n\n\n<div class=\"wp-block-buttons is-content-justification-left is-layout-flex wp-container-core-buttons-is-layout-fdcfc74e wp-block-buttons-is-layout-flex\">\n<div class=\"wp-block-button\"><a class=\"wp-block-button__link has-text-align-center wp-element-button\" href=\"http:\/\/pritjvalita.dk\/live\/\">Unirse en directo<\/a><\/div>\n<\/div>\n\n\n\n<p class=\"has-small-font-size\">Consejo: Guarde este enlace. Todas las clases abiertas de los martes y esta serie utilizan la misma sala en directo: <a href=\"\/live\">pritjvalita.dk\/live<\/a>.<br\/>\u00danase 2-3 minutos antes para que podamos empezar a tiempo.<\/p>\n\n\n\n<p>Si desea apoyar este trabajo, puede donar <a href=\"https:\/\/pritjvalita.dk\/es\/donacion\/\" data-type=\"page\" data-id=\"3641\">aqu\u00ed<\/a>.<\/p>\n<\/div><\/div>\n\n\n<div class=\"tribe-events-event-image\"><img loading=\"lazy\" decoding=\"async\" width=\"851\" height=\"315\" src=\"https:\/\/pritjvalita.dk\/wp-content\/uploads\/2015\/08\/collagenotext.jpg\" class=\"attachment-full size-full wp-post-image\" alt=\"\" srcset=\"https:\/\/pritjvalita.dk\/wp-content\/uploads\/2015\/08\/collagenotext.jpg 851w, https:\/\/pritjvalita.dk\/wp-content\/uploads\/2015\/08\/collagenotext-300x111.jpg 300w\" sizes=\"auto, (max-width: 851px) 100vw, 851px\" \/><\/div><\/div><\/div>\n","protected":false},"excerpt":{"rendered":"<p>El tema del d\u00eda es Maha Karuna: haremos una meditaci\u00f3n m\u00e1s larga juntos basada en este dharani. El martes pasado se realiz\u00f3 una breve iniciaci\u00f3n; consulte aqu\u00ed (se necesita membres\u00eda&#8230;<\/p>\n","protected":false},"author":1,"featured_media":3787,"template":"","meta":{"_bbp_topic_count":0,"_bbp_reply_count":0,"_bbp_total_topic_count":0,"_bbp_total_reply_count":0,"_bbp_voice_count":0,"_bbp_anonymous_reply_count":0,"_bbp_topic_count_hidden":0,"_bbp_reply_count_hidden":0,"_bbp_forum_subforum_count":0,"pmpro_default_level":"","_price":"","_stock":"","_tribe_ticket_header":"","_tribe_default_ticket_provider":"","_tribe_ticket_capacity":"0","_ticket_start_date":"","_ticket_end_date":"","_tribe_ticket_show_description":"","_tribe_ticket_show_not_going":false,"_tribe_ticket_use_global_stock":"","_tribe_ticket_global_stock_level":"","_global_stock_mode":"","_global_stock_cap":"","_tribe_rsvp_for_event":"","_tribe_ticket_going_count":"","_tribe_ticket_not_going_count":"","_tribe_tickets_list":"[]","_tribe_ticket_has_attendee_info_fields":false,"_EventAllDay":false,"_EventTimezone":"Europe\/Copenhagen","_EventStartDate":"2025-12-16 19:00:00","_EventEndDate":"2025-12-16 20:30:00","_EventStartDateUTC":"2025-12-16 18:00:00","_EventEndDateUTC":"2025-12-16 19:30:00","_EventShowMap":false,"_EventShowMapLink":false,"_EventURL":"","_EventCost":"","_EventCostDescription":"","_EventCurrencySymbol":"","_EventCurrencyCode":"","_EventCurrencyPosition":"","_EventDateTimeSeparator":"","_EventTimeRangeSeparator":"","_EventOrganizerID":[],"_EventVenueID":[],"_OrganizerEmail":"","_OrganizerPhone":"","_OrganizerWebsite":"","_VenueAddress":"","_VenueCity":"","_VenueCountry":"","_VenueProvince":"","_VenueState":"","_VenueZip":"","_VenuePhone":"","_VenueURL":"","_VenueStateProvince":"","_VenueLat":"","_VenueLng":"","_VenueShowMap":false,"_VenueShowMapLink":false,"_kadence_starter_templates_imported_post":false,"_kad_post_transparent":"","_kad_post_title":"","_kad_post_layout":"","_kad_post_sidebar_id":"","_kad_post_content_style":"","_kad_post_vertical_padding":"","_kad_post_feature":"","_kad_post_feature_position":"","_kad_post_header":false,"_kad_post_footer":false,"_kad_post_classname":"","_tribe_events_status":"","_tribe_events_status_reason":"","footnotes":"","_tec_slr_enabled":"","_tec_slr_layout":""},"tags":[],"tribe_events_cat":[],"class_list":["post-3836","tribe_events","type-tribe_events","status-publish","has-post-thumbnail","hentry","pmpro-has-access"],"ticketed":false,"_links":{"self":[{"href":"https:\/\/pritjvalita.dk\/es\/wp-json\/wp\/v2\/tribe_events\/3836","targetHints":{"allow":["GET"]}}],"collection":[{"href":"https:\/\/pritjvalita.dk\/es\/wp-json\/wp\/v2\/tribe_events"}],"about":[{"href":"https:\/\/pritjvalita.dk\/es\/wp-json\/wp\/v2\/types\/tribe_events"}],"author":[{"embeddable":true,"href":"https:\/\/pritjvalita.dk\/es\/wp-json\/wp\/v2\/users\/1"}],"version-history":[{"count":3,"href":"https:\/\/pritjvalita.dk\/es\/wp-json\/wp\/v2\/tribe_events\/3836\/revisions"}],"predecessor-version":[{"id":4735,"href":"https:\/\/pritjvalita.dk\/es\/wp-json\/wp\/v2\/tribe_events\/3836\/revisions\/4735"}],"wp:featuredmedia":[{"embeddable":true,"href":"https:\/\/pritjvalita.dk\/es\/wp-json\/wp\/v2\/media\/3787"}],"wp:attachment":[{"href":"https:\/\/pritjvalita.dk\/es\/wp-json\/wp\/v2\/media?parent=3836"}],"wp:term":[{"taxonomy":"post_tag","embeddable":true,"href":"https:\/\/pritjvalita.dk\/es\/wp-json\/wp\/v2\/tags?post=3836"},{"taxonomy":"tribe_events_cat","embeddable":true,"href":"https:\/\/pritjvalita.dk\/es\/wp-json\/wp\/v2\/tribe_events_cat?post=3836"}],"curies":[{"name":"wp","href":"https:\/\/api.w.org\/{rel}","templated":true}]}}

Clase abierta: meditación Maha Karuna

<div  class="tribe-events-schedule tribe-clearfix" >
	<p class="tribe-events-schedule__datetime">
		<span class="tribe-events-schedule__date tribe-events-schedule__date--start">
			16. diciembre 2025		</span>

					<span class="tribe-events-schedule__separator tribe-events-schedule__separator--date">
				 @ 			</span>
			<span class="tribe-events-schedule__time tribe-events-schedule__time--start">
				19:00			</span>
		
									<span class="tribe-events-schedule__separator tribe-events-schedule__separator--time">
					 &#8211; 				</span>
			
							<span class="tribe-events-schedule__time tribe-events-schedule__time--end">
					20:30				</span>
			
							<span class="tribe-events-schedule__timezone">CET</span>
						</p>
</div>

<p>El tema del día es Maha Karuna: haremos una meditación más larga juntos basada en este dharani. El martes pasado se realizó una breve iniciación; consulte <a href="https://pritjvalita.dk/es/lesson/maha-karuna-dharani/" data-type="pmpro_lesson" data-id="4719">aquí</a> (se necesita membresía gratuita). </p>

<p>Está invitado a unirse a esta clase abierta. Comenzamos compartiendo y recibiendo orientación.</p>

<p>Traiga sus preguntas sobre la vida y su práctica.</p>

<div class="wp-block-group"><div class="wp-block-group__inner-container is-layout-constrained wp-block-group-is-layout-constrained">
<div class="wp-block-group pj-cta has-border-color has-black-border-color has-theme-palette-8-background-color has-background" style="border-width:1px;border-radius:12px;margin-top:10px;margin-bottom:10px;padding-top:18px;padding-right:18px;padding-bottom:18px;padding-left:18px"><div class="wp-block-group__inner-container is-layout-flow wp-block-group-is-layout-flow">
<h4 class="wp-block-heading">Unirse en directo</h4>


<div  class="tribe-events-schedule tribe-clearfix" >
	<p class="tribe-events-schedule__datetime">
		<span class="tribe-events-schedule__date tribe-events-schedule__date--start">
			16. diciembre 2025		</span>

					<span class="tribe-events-schedule__separator tribe-events-schedule__separator--date">
				 @ 			</span>
			<span class="tribe-events-schedule__time tribe-events-schedule__time--start">
				19:00			</span>
		
									<span class="tribe-events-schedule__separator tribe-events-schedule__separator--time">
					 &#8211; 				</span>
			
							<span class="tribe-events-schedule__time tribe-events-schedule__time--end">
					20:30				</span>
			
							<span class="tribe-events-schedule__timezone">CET</span>
						</p>
</div>



<p>Todo el mundo es bienvenido. Estas clases forman parte de la sección de mi enseñanza basada en donaciones.</p>



<div class="wp-block-buttons is-content-justification-left is-layout-flex wp-container-core-buttons-is-layout-fdcfc74e wp-block-buttons-is-layout-flex">
<div class="wp-block-button"><a class="wp-block-button__link has-text-align-center wp-element-button" href="http://pritjvalita.dk/live/">Unirse en directo</a></div>
</div>



<p class="has-small-font-size">Consejo: Guarde este enlace. Todas las clases abiertas de los martes y esta serie utilizan la misma sala en directo: <a href="/live">pritjvalita.dk/live</a>.<br/>Únase 2-3 minutos antes para que podamos empezar a tiempo.</p>



<p>Si desea apoyar este trabajo, puede donar <a href="https://pritjvalita.dk/es/donacion/" data-type="page" data-id="3641">aquí</a>.</p>
</div></div>


<div class="tribe-events-event-image"><img loading="lazy" decoding="async" width="851" height="315" src="https://pritjvalita.dk/wp-content/uploads/2015/08/collagenotext.jpg" class="attachment-full size-full wp-post-image" alt="" srcset="https://pritjvalita.dk/wp-content/uploads/2015/08/collagenotext.jpg 851w, https://pritjvalita.dk/wp-content/uploads/2015/08/collagenotext-300x111.jpg 300w" sizes="auto, (max-width: 851px) 100vw, 851px" /></div></div></div>

<p>El tema del día es Maha Karuna: haremos una meditación más larga juntos basada en este dharani. El martes pasado se realizó una breve iniciación; consulte aquí (se necesita membresía&#8230;</p>
