{"id":3658,"date":"2025-10-27T17:49:03","date_gmt":"2025-10-27T16:49:03","guid":{"rendered":"https:\/\/pritjvalita.dk\/event\/%e2%9c%9d%ef%b8%8f-jesus\/"},"modified":"2025-10-28T12:13:38","modified_gmt":"2025-10-28T11:13:38","slug":"%e2%9c%9d%ef%b8%8f-jesus","status":"publish","type":"tribe_events","link":"https:\/\/pritjvalita.dk\/es\/event\/%e2%9c%9d%ef%b8%8f-jesus\/","title":{"rendered":"\u271d\ufe0f JES\u00daS"},"content":{"rendered":"\n<h3 class=\"wp-block-heading\"><em>Meditaci\u00f3n con Jes\u00fas<\/em><\/h3>\n\n<p>En esta clase, abrimos nuestros corazones a <strong>Jes\u00fas<\/strong>, el Maestro del perd\u00f3n y la compasi\u00f3n.<br\/>A trav\u00e9s de la meditaci\u00f3n y la reflexi\u00f3n, exploramos <strong>el perd\u00f3n, la caridad y el amor en acci\u00f3n<\/strong>: vivir la luz del coraz\u00f3n en nuestra vida diaria.<\/p>\n\n<div class=\"wp-block-group\"><div class=\"wp-block-group__inner-container is-layout-constrained wp-block-group-is-layout-constrained\">\n<div class=\"wp-block-group pj-cta has-border-color has-black-border-color has-theme-palette-8-background-color has-background\" style=\"border-width:1px;border-radius:12px;margin-top:10px;margin-bottom:10px;padding-top:18px;padding-right:18px;padding-bottom:18px;padding-left:18px\"><div class=\"wp-block-group__inner-container is-layout-flow wp-block-group-is-layout-flow\">\n<h4 class=\"wp-block-heading\">Unirse en directo<\/h4>\n\n\n<div  class=\"tribe-events-schedule tribe-clearfix\" >\n\t<p class=\"tribe-events-schedule__datetime\">\n\t\t<span class=\"tribe-events-schedule__date tribe-events-schedule__date--start\">\n\t\t\t2. diciembre 2025\t\t<\/span>\n\n\t\t\t\t\t<span class=\"tribe-events-schedule__separator tribe-events-schedule__separator--date\">\n\t\t\t\t @ \t\t\t<\/span>\n\t\t\t<span class=\"tribe-events-schedule__time tribe-events-schedule__time--start\">\n\t\t\t\t19:00\t\t\t<\/span>\n\t\t\n\t\t\t\t\t\t\t\t\t<span class=\"tribe-events-schedule__separator tribe-events-schedule__separator--time\">\n\t\t\t\t\t &#8211; \t\t\t\t<\/span>\n\t\t\t\n\t\t\t\t\t\t\t<span class=\"tribe-events-schedule__time tribe-events-schedule__time--end\">\n\t\t\t\t\t20:30\t\t\t\t<\/span>\n\t\t\t\n\t\t\t\t\t\t\t<span class=\"tribe-events-schedule__timezone\">CET<\/span>\n\t\t\t\t\t\t<\/p>\n<\/div>\n\n\n\n<p>Todo el mundo es bienvenido. Estas clases forman parte de la secci\u00f3n de mi ense\u00f1anza basada en donaciones.<\/p>\n\n\n\n<div class=\"wp-block-buttons is-content-justification-left is-layout-flex wp-container-core-buttons-is-layout-fdcfc74e wp-block-buttons-is-layout-flex\">\n<div class=\"wp-block-button\"><a class=\"wp-block-button__link has-text-align-center wp-element-button\" href=\"http:\/\/pritjvalita.dk\/live\/\">Unirse en directo<\/a><\/div>\n<\/div>\n\n\n\n<p class=\"has-small-font-size\">Consejo: Guarde este enlace. Todas las clases abiertas de los martes y esta serie utilizan la misma sala en directo: <a href=\"\/live\">pritjvalita.dk\/live<\/a>.<br\/>\u00danase 2-3 minutos antes para que podamos empezar a tiempo.<\/p>\n\n\n\n<p>Si desea apoyar este trabajo, puede donar <a href=\"https:\/\/pritjvalita.dk\/es\/donacion\/\" data-type=\"page\" data-id=\"3641\">aqu\u00ed<\/a>.<\/p>\n<\/div><\/div>\n\n\n<div class=\"tribe-events-event-image\"><img loading=\"lazy\" decoding=\"async\" width=\"1240\" height=\"1772\" src=\"https:\/\/pritjvalita.dk\/wp-content\/uploads\/JESUS.jpg\" class=\"attachment-full size-full wp-post-image\" alt=\"\" srcset=\"https:\/\/pritjvalita.dk\/wp-content\/uploads\/JESUS.jpg 1240w, https:\/\/pritjvalita.dk\/wp-content\/uploads\/JESUS-210x300.jpg 210w, https:\/\/pritjvalita.dk\/wp-content\/uploads\/JESUS-717x1024.jpg 717w, https:\/\/pritjvalita.dk\/wp-content\/uploads\/JESUS-768x1097.jpg 768w, https:\/\/pritjvalita.dk\/wp-content\/uploads\/JESUS-1075x1536.jpg 1075w\" sizes=\"auto, (max-width: 1240px) 100vw, 1240px\" \/><\/div><\/div><\/div>\n","protected":false},"excerpt":{"rendered":"<p>Meditaci\u00f3n con Jes\u00fas En esta clase, abrimos nuestros corazones a Jes\u00fas, el Maestro del perd\u00f3n y la compasi\u00f3n.A trav\u00e9s de la meditaci\u00f3n y la reflexi\u00f3n, exploramos el perd\u00f3n, la caridad&#8230;<\/p>\n","protected":false},"author":1,"featured_media":3659,"template":"","meta":{"_bbp_topic_count":0,"_bbp_reply_count":0,"_bbp_total_topic_count":0,"_bbp_total_reply_count":0,"_bbp_voice_count":0,"_bbp_anonymous_reply_count":0,"_bbp_topic_count_hidden":0,"_bbp_reply_count_hidden":0,"_bbp_forum_subforum_count":0,"pmpro_default_level":"","_price":"","_stock":"","_tribe_ticket_header":"","_tribe_default_ticket_provider":"","_tribe_ticket_capacity":"0","_ticket_start_date":"","_ticket_end_date":"","_tribe_ticket_show_description":"","_tribe_ticket_show_not_going":false,"_tribe_ticket_use_global_stock":"","_tribe_ticket_global_stock_level":"","_global_stock_mode":"","_global_stock_cap":"","_tribe_rsvp_for_event":"","_tribe_ticket_going_count":"","_tribe_ticket_not_going_count":"","_tribe_tickets_list":"[]","_tribe_ticket_has_attendee_info_fields":false,"_EventAllDay":false,"_EventTimezone":"Europe\/Copenhagen","_EventStartDate":"2025-12-02 19:00:00","_EventEndDate":"2025-12-02 20:30:00","_EventStartDateUTC":"2025-12-02 18:00:00","_EventEndDateUTC":"2025-12-02 19:30:00","_EventShowMap":false,"_EventShowMapLink":false,"_EventURL":"","_EventCost":"","_EventCostDescription":"","_EventCurrencySymbol":"","_EventCurrencyCode":"","_EventCurrencyPosition":"","_EventDateTimeSeparator":"","_EventTimeRangeSeparator":"","_EventOrganizerID":[],"_EventVenueID":[],"_OrganizerEmail":"","_OrganizerPhone":"","_OrganizerWebsite":"","_VenueAddress":"","_VenueCity":"","_VenueCountry":"","_VenueProvince":"","_VenueState":"","_VenueZip":"","_VenuePhone":"","_VenueURL":"","_VenueStateProvince":"","_VenueLat":"","_VenueLng":"","_VenueShowMap":false,"_VenueShowMapLink":false,"_kadence_starter_templates_imported_post":false,"_kad_post_transparent":"","_kad_post_title":"","_kad_post_layout":"","_kad_post_sidebar_id":"","_kad_post_content_style":"","_kad_post_vertical_padding":"","_kad_post_feature":"","_kad_post_feature_position":"","_kad_post_header":false,"_kad_post_footer":false,"_kad_post_classname":"","_tribe_events_status":"","_tribe_events_status_reason":"","footnotes":"","_tec_slr_enabled":"","_tec_slr_layout":""},"tags":[],"tribe_events_cat":[71],"class_list":["post-3658","tribe_events","type-tribe_events","status-publish","has-post-thumbnail","hentry","tribe_events_cat-clase-abierta","pmpro-has-access","cat_clase-abierta"],"ticketed":false,"_links":{"self":[{"href":"https:\/\/pritjvalita.dk\/es\/wp-json\/wp\/v2\/tribe_events\/3658","targetHints":{"allow":["GET"]}}],"collection":[{"href":"https:\/\/pritjvalita.dk\/es\/wp-json\/wp\/v2\/tribe_events"}],"about":[{"href":"https:\/\/pritjvalita.dk\/es\/wp-json\/wp\/v2\/types\/tribe_events"}],"author":[{"embeddable":true,"href":"https:\/\/pritjvalita.dk\/es\/wp-json\/wp\/v2\/users\/1"}],"version-history":[{"count":2,"href":"https:\/\/pritjvalita.dk\/es\/wp-json\/wp\/v2\/tribe_events\/3658\/revisions"}],"predecessor-version":[{"id":3770,"href":"https:\/\/pritjvalita.dk\/es\/wp-json\/wp\/v2\/tribe_events\/3658\/revisions\/3770"}],"wp:featuredmedia":[{"embeddable":true,"href":"https:\/\/pritjvalita.dk\/es\/wp-json\/wp\/v2\/media\/3659"}],"wp:attachment":[{"href":"https:\/\/pritjvalita.dk\/es\/wp-json\/wp\/v2\/media?parent=3658"}],"wp:term":[{"taxonomy":"post_tag","embeddable":true,"href":"https:\/\/pritjvalita.dk\/es\/wp-json\/wp\/v2\/tags?post=3658"},{"taxonomy":"tribe_events_cat","embeddable":true,"href":"https:\/\/pritjvalita.dk\/es\/wp-json\/wp\/v2\/tribe_events_cat?post=3658"}],"curies":[{"name":"wp","href":"https:\/\/api.w.org\/{rel}","templated":true}]}}

✝️ JESÚS

<h3 class="wp-block-heading"><em>Meditación con Jesús</em></h3>

<p>En esta clase, abrimos nuestros corazones a <strong>Jesús</strong>, el Maestro del perdón y la compasión.<br/>A través de la meditación y la reflexión, exploramos <strong>el perdón, la caridad y el amor en acción</strong>: vivir la luz del corazón en nuestra vida diaria.</p>

<div class="wp-block-group"><div class="wp-block-group__inner-container is-layout-constrained wp-block-group-is-layout-constrained">
<div class="wp-block-group pj-cta has-border-color has-black-border-color has-theme-palette-8-background-color has-background" style="border-width:1px;border-radius:12px;margin-top:10px;margin-bottom:10px;padding-top:18px;padding-right:18px;padding-bottom:18px;padding-left:18px"><div class="wp-block-group__inner-container is-layout-flow wp-block-group-is-layout-flow">
<h4 class="wp-block-heading">Unirse en directo</h4>


<div  class="tribe-events-schedule tribe-clearfix" >
	<p class="tribe-events-schedule__datetime">
		<span class="tribe-events-schedule__date tribe-events-schedule__date--start">
			2. diciembre 2025		</span>

					<span class="tribe-events-schedule__separator tribe-events-schedule__separator--date">
				 @ 			</span>
			<span class="tribe-events-schedule__time tribe-events-schedule__time--start">
				19:00			</span>
		
									<span class="tribe-events-schedule__separator tribe-events-schedule__separator--time">
					 &#8211; 				</span>
			
							<span class="tribe-events-schedule__time tribe-events-schedule__time--end">
					20:30				</span>
			
							<span class="tribe-events-schedule__timezone">CET</span>
						</p>
</div>



<p>Todo el mundo es bienvenido. Estas clases forman parte de la sección de mi enseñanza basada en donaciones.</p>



<div class="wp-block-buttons is-content-justification-left is-layout-flex wp-container-core-buttons-is-layout-fdcfc74e wp-block-buttons-is-layout-flex">
<div class="wp-block-button"><a class="wp-block-button__link has-text-align-center wp-element-button" href="http://pritjvalita.dk/live/">Unirse en directo</a></div>
</div>



<p class="has-small-font-size">Consejo: Guarde este enlace. Todas las clases abiertas de los martes y esta serie utilizan la misma sala en directo: <a href="/live">pritjvalita.dk/live</a>.<br/>Únase 2-3 minutos antes para que podamos empezar a tiempo.</p>



<p>Si desea apoyar este trabajo, puede donar <a href="https://pritjvalita.dk/es/donacion/" data-type="page" data-id="3641">aquí</a>.</p>
</div></div>


<div class="tribe-events-event-image"><img loading="lazy" decoding="async" width="1240" height="1772" src="https://pritjvalita.dk/wp-content/uploads/JESUS.jpg" class="attachment-full size-full wp-post-image" alt="" srcset="https://pritjvalita.dk/wp-content/uploads/JESUS.jpg 1240w, https://pritjvalita.dk/wp-content/uploads/JESUS-210x300.jpg 210w, https://pritjvalita.dk/wp-content/uploads/JESUS-717x1024.jpg 717w, https://pritjvalita.dk/wp-content/uploads/JESUS-768x1097.jpg 768w, https://pritjvalita.dk/wp-content/uploads/JESUS-1075x1536.jpg 1075w" sizes="auto, (max-width: 1240px) 100vw, 1240px" /></div></div></div>

<p>Meditación con Jesús En esta clase, abrimos nuestros corazones a Jesús, el Maestro del perdón y la compasión.A través de la meditación y la reflexión, exploramos el perdón, la caridad&#8230;</p>
